b) = -5*b - 73. Let w be g(-17). Let j = w + s. What is the units digit of j?
2
Let a(w) = -w + 20. Let y = -11 + 8. Let q be (-160)/(-15) - 1/y. What is the units digit of a(q)?
9
Let h(p) be the first derivative of p**5/60 - p**4/8 - p**3 + 3. Let q(v) be the third derivative of h(v). What is the units digit of q(5)?
7
What is the units digit of 1 + -5 - (-238 + -10)?
4
Let a be (-27)/(-18) - 333/(-6). Suppose -g = -5*j - a, g - 24 = 2*j + 27. What is the tens digit of g?
4
Suppose -q + 2 + 1 = 0. Suppose 7*g = -m + 2*g + 225, -m = -q*g - 185. Suppose -p + m = 4*p. What is the units digit of p?
0
Let c(r) = 25*r**2 - 18*r - 67. What is the units digit of c(-14)?
5
Let c = 3348 + 2017. What is the hundreds digit of c?
3
Let r(u) = u**3 + 7*u**2 + 10*u + 7. Let t(c) = 3*c**3 + 15*c**2 + 21*c + 13. Let m(s) = -5*r(s) + 2*t(s). What is the tens digit of m(7)?
3
Suppose 8*w - 2*w - 12 = 0. Suppose j + w*q - 3 = -0*q, 2*q + 32 = 4*j. What is the units digit of j?
7
Let w be (-1)/(((-18)/(-1032))/(-3 - 0)). Let p = w + -84. What is the units digit of p?
8
Let i = 6 + 8. Let c be (-1)/(-1*(-2)/164). What is the units digit of 7/i - c/4?
1
Suppose -c = -2*c - 4347. What is the tens digit of (-2)/(-4) - c/54?
8
Let g(y) = 85*y + 3. Let u be g(-1). Let o = 40 - u. What is the hundreds digit of o?
1
Let o = -6 - 8. Let j = 16 + o. What is the units digit of 62*1/j - 2?
9
Suppose 3*b = -5*a + 4779, 7*a - 3*a - 3826 = -b. What is the hundreds digit of a?
9
Suppose -5*x - 2*x = -8421. What is the tens digit of (-6)/21 + x/21?
5
Let k = 146 - 113. What is the units digit of k?
3
Suppose -4*l = -8*l + 20. Suppose 0 = -3*v - l*r - 32, 4 = -4*r - 0. What is the units digit of v/((-2)/(-12)*-2)?
7
What is the units digit of 6 - 690/(2 - 5)?
6
Let x = -230 + 754. What is the hundreds digit of x?
5
Let i(m) = -m**2 - 17*m - 3. Suppose -70 + 38 = 4*v. What is the tens digit of i(v)?
6
Let y be ((-4)/4)/(2/(-18)). Suppose -o = 6 - y. Suppose p = -o*p + 48. What is the tens digit of p?
1
Suppose 3*z + d - 169 = 0, d + 222 = 4*z - d. Suppose -511 = -5*j - z. What is the units digit of j?
1
Let o = 3746 + -1429. What is the units digit of o?
7
Let a(h) = -36*h**2 + 234*h + 9. What is the hundreds digit of a(5)?
2
Let x(a) be the third derivative of 22*a**5/15 - a**4/12 + a**3/6 - 10*a**2. What is the tens digit of x(1)?
8
Suppose -10*i = -1448 - 1522. What is the units digit of i?
7
Let z(k) = k**2 + 6*k. Let i be z(-8). Suppose 2*n = 3*f + 8, 0*f - f - i = -4*n. Suppose f = -5*h + 4*x + 330, 2*x - 15 = h - 87. What is the units digit of h?
2
What is the hundreds digit of ((-3127)/(-106))/((2/20)/1)?
2
Let f(m) = -4*m**2 + 2*m + 6. Let c be f(4). Let b(o) = -79*o**2 - o + 1. Let k be b(1). Let j = c - k. What is the units digit of j?
9
Suppose 0 = -2*t + 39 + 83. Let p = 102 - t. What is the tens digit of p?
4
Suppose 5*w + 4*s - 4 = w, -2 = 5*w - 2*s. Let v be 3 + 0 - (w + -1). Suppose 3*k + 5*d = 88, v*d + 42 = 2*k - d. What is the tens digit of k?
2
Suppose 14*u - 21*u - 7636 = -3*s, 0 = -5*u - 20. What is the hundreds digit of s?
5
Suppose 0 = -24*d + 29690 - 1202. What is the tens digit of d?
8
Let s = 137 - -300. What is the tens digit of s?
3
Let l = -893 - -1508. What is the hundreds digit of l?
6
Let w(u) = 3*u**2 + 19*u + 5. Let f be w(12). Suppose 0 = -3*l - 4*l + f. What is the units digit of l?
5
Let p = 1107 + 710. What is the thousands digit of p?
1
Suppose 0 = 2*q + 3*q - 15. Let z = q - -1. Let c = z - 0. What is the units digit of c?
4
Suppose -683 - 337 = -6*t. What is the units digit of t?
0
Let z = -3 - -6. Suppose -q = -z*y, 5*q = q + 3*y + 45. Suppose -2*n = 3*n - q. What is the units digit of n?
3
Let j be 0 + 4 - 3*-12. Suppose -32*f + 30*f = -j. What is the units digit of f?
0
Suppose -7*s = -4*s - 12. Suppose -d = -z - s, d - 3*z = 2*z. Suppose 0*r = 5*c + 5*r - 155, 4*r - 159 = -d*c. What is the units digit of c?
5
Let r(l) = 12*l + 12. Let t be r(2). Suppose 2*y + s = 212, 5*s = -2*y + 232 - t. What is the hundreds digit of y?
1
Let x be (-32)/(-6) - 2/6. Suppose -393 = -5*w - 4*r, -6*r + x*r = 3*w - 233. What is the units digit of w?
7
Suppose -2*h + 3 = h. Suppose -3*o - h + 49 = 0. Suppose 3*v = o + 2. What is the units digit of v?
6
Suppose -5*c + 1 = -3*j - 0, -3*j + 15 = 3*c. Suppose 20 = -3*g - 3*x + x, 0 = -3*g + j*x. What is the tens digit of (-430)/g*(-34)/(-85)?
4
Suppose 2*j = -j. Suppose -k - 3*b - 3 = j, -k + 19 = 4*k - 2*b. Suppose 4*c = 2*p - 41 - 23, k*p - 96 = 2*c. What is the tens digit of p?
3
Let d(s) = 36*s - 192. What is the units digit of d(27)?
0
Let d be (-166)/(-18) - ((-4)/(-18) + 0). Suppose d*b - 1649 + 308 = 0. What is the hundreds digit of b?
1
Let j(q) = -2*q**3 + q**2 - q - 6. Let o be j(3). Let k be o/(-24) - (-1)/(-4). Suppose 0 = -k*v + 4, t + v = 5*t - 42. What is the units digit of t?
1
Let v = 8 - 4. Let c be (3/v)/(12/32). Suppose 5*h + 30 = t - 15, 8 = -c*h. What is the units digit of t?
5
Let d(h) = -849*h - 84. What is the units digit of d(-3)?
3
Suppose -3*h - 12*x = -10*x - 5720, -9535 = -5*h - 3*x. What is the tens digit of h?
1
Suppose -3*o = 5*z - 115, 0*z = -3*z + 5*o + 69. Suppose z = -3*t - 5*n, 0 = 5*n + 4 + 16. What is the tens digit of 36 - t - (3 - 4)?
3
Let h = 61 + -21. Let m = -26 + h. What is the units digit of (m/(-10))/(2/(-10))?
7
Let l = 112 + -292. Let v = l + 350. What is the tens digit of v?
7
Let x = -145 - -250. Let a = x + -9. What is the tens digit of a?
9
What is the tens digit of -2654*(28/8 - 5)?
8
Let y = 86 - 33. Suppose 23 = -h - y. Let k = h + 132. What is the tens digit of k?
5
Let q be (-16)/(-56) + (-24)/(-14). Suppose -i + 6*i - 4*b = 141, 5*i + q*b - 117 = 0. What is the tens digit of i?
2
Let v be 3/(-5) + (-1872)/80. Let s be (207/(-12))/((-9)/v). What is the units digit of 7/(7/(-4)) - s?
2
Suppose -5*k + k = -5*i + 402, -5*k - 249 = -3*i. What is the tens digit of (-3 + i)*(-96)/(-40)?
8
Let m(y) = -4*y**2 - 5*y + 2*y**3 - 2 - 1 + 0*y**2. Let w(s) = -s**3 + 6*s**2 - 4*s - 1. Let k be w(5). What is the tens digit of m(k)?
4
Suppose -49 = -2*o + 18*m - 21*m, -5*o - 2*m + 106 = 0. Let v = o - -287. What is the units digit of v?
7
Let j be -131 - (-2 + (-2 - -8)). What is the tens digit of (j + -1)/(-4) + -3?
3
Suppose -24*h = -85*h + 104676. What is the tens digit of h?
1
Suppose 0 = -0*n + 2*n + 3*c + 21, -2*c - 25 = 5*n. Let m = n - -55. What is the units digit of m?
2
Suppose -2*t - 2 = -4*f, 2*f + 3*t = -t - 14. What is the units digit of (13/(-3))/(f/27)?
7
Let w(n) = 19*n**2 - 6*n + 5. Let g be w(-4). Let l = g - 160. What is the units digit of l?
3
Suppose -1858 + 15061 = 27*y. What is the units digit of y?
9
Let l(o) = 3*o**2 + 5*o + 6. Let a(m) = m**2. Let g(d) = 5*a(d) - l(d). Let j(z) = 2*z + 9. Let w be j(-2). What is the tens digit of g(w)?
1
Let a = 7387 + -4948. What is the tens digit of a?
3
Suppose 4*h = -2*j - 6, -5*j = h - 11 - 10. Suppose j*m + 147 = 377. Let c = 6 + m. What is the tens digit of c?
5
Let x be 68/5 - 4/(-10). Suppose -9*t + 5 = -13. Suppose -x = -t*w + 12. What is the tens digit of w?
1
Let n = -20 - -21. Let b = n - -9. Let i = 37 - b. What is the units digit of i?
7
Let y be (-24)/132 + (-79)/(-11). Let p(u) = -u**3 + 10*u**2 - 11*u + 8. What is the tens digit of p(y)?
7
Suppose -3*m = -4*r + 45, -4*m - 40 = 3*r - 5. Let o be 4/(-1 + 327/328). What is the units digit of (-2)/m - o/44?
0
What is the tens digit of -4639*(1 - 0)*(-6 - -5)?
3
Suppose -5*p + 64*u + 9368 = 60*u, 9377 = 5*p - u. What is the thousands digit of p?
1
Let y be (-110)/(-6) + 11/(-33). Let o be y/(-24)*(1 + -45). Suppose -5*j + 4*c = -o, -j - 15 = -2*j + 5*c. What is the units digit of j?
5
Let b = -29 + 43. Suppose b = -6*l + 92. What is the tens digit of l?
1
Suppose i - 1564 = 36. Suppose 8*h - i = 3*h - 2*y, -y = 4*h - 1280. What is the hundreds digit of h?
3
Let z = 224 + -159. Let i = z - 16. What is the tens digit of i?
4
Suppose -8*h - 1549 = -4941. What is the hundreds digit of h?
4
Suppose -3*j = -23 + 5. Let u be (-150)/(-14) + 10/35. Suppose -j*r + u = -61. What is the units digit of r?
2
Let y(x) = 6*x**2 + x + 13. What is the units digit of y(7)?
4
Let j = 6 + -4. Suppose j*l - 48 = -0*l. Suppose -5*d + l = -3*d. What is the tens 